s divided by 925?
830
Calculate the remainder when 2687477 is divided by 671828.
165
Calculate the remainder when 2861280 is divided by 2298.
270
Calculate the remainder when 28672238 is divided by 28672217.
21
Calculate the remainder when 3527362 is divided by 3195.
82
What is the remainder when 376498 is divided by 2035?
23
Calculate the remainder when 476897 is divided by 5.
2
Calculate the remainder when 190182 is divided by 1018.
834
Calculate the remainder when 2611662 is divided by 33.
9
What is the remainder when 2842890 is divided by 12748?
86
What is the remainder when 1103394 is divided by 1867?
1864
Calculate the remainder when 194958 is divided by 651.
309
Calculate the remainder when 158961 is divided by 52970.
51
What is the remainder when 158937828 is divided by 923?
920
What is the remainder when 485114 is divided by 1928?
1186
Calculate the remainder when 122603 is divided by 4186.
1209
What is the remainder when 10050624 is divided by 4461?
4452
Calculate the remainder when 18940994 is divided by 611.
605
What is the remainder when 365409 is divided by 91231?
485
What is the remainder when 178511 is divided by 1027?
840
Calculate the remainder when 1217023 is divided by 403864.
5431
What is the remainder when 466667 is divided by 1539?
350
Calculate the remainder when 11995493 is divided by 100.
93
Calculate the remainder when 207943864 is divided by 4446.
4444
What is the remainder when 2583387 is divided by 165?
147
Calculate the remainder when 1750470 is divided by 634.
630
What is the remainder when 1402600 is divided by 1402594?
6
What is the remainder when 1800880589 is divided by 16?
13
Calculate the remainder when 1334425 is divided by 18696.
7009
Calculate the remainder when 45381 is divided by 567.
21
What is the remainder when 15749572 is divided by 177?
112
What is the remainder when 180844 is divided by 45082?
516
What is the remainder when 194756759 is divided by 34?
33
What is the remainder when 22002 is divided by 170?
72
Calculate the remainder when 947811 is divided by 595.
571
Calculate the remainder when 24972162 is divided by 1907.
1904
What is the remainder when 525657 is divided by 16?
9
Calculate the remainder when 2204 is divided by 2158.
46
Calculate the remainder when 28327974 is divided by 101.
100
What is the remainder when 936180 is divided by 468076?
28
Calculate the remainder when 199495 is divided by 66464.
103
What is the remainder when 684404 is divided by 3603?
3437
What is the remainder when 5501894 is divided by 1375473?
2
Calculate the remainder when 2179045 is divided by 191.
117
Calculate the remainder when 915136 is divided by 38114.
400
What is the remainder when 5100056 is divided by 138?
128
Calculate the remainder when 11269 is divided by 5.
4
Calculate the remainder when 53449 is divided by 41.
26
Calculate the remainder when 185721 is divided by 26523.
60
Calculate the remainder when 14832 is divided by 2072.
328
Calculate the remainder when 7622 is divided by 1980.
1682
What is the remainder when 356061 is divided by 862?
55
Calculate the remainder when 780738 is divided by 32527.
90
What is the remainder when 8177 is divided by 7116?
1061
What is the remainder when 20706693 is divided by 80?
53
What is the remainder when 1279842 is divided by 516?
162
What is the remainder when 499770 is divided by 31202?
538
What is the remainder when 24352471 is divided by 8?
7
Calculate the remainder when 3118566 is divided by 389798.
182
What is the remainder when 680184 is divided by 966?
120
What is the remainder when 8320 is divided by 4125?
70
What is the remainder when 5131626 is divided by 197?
170
What is the remainder when 493819 is divided by 41151?
7
What is the remainder when 999996 is divided by 499668?
660
Calculate the remainder when 74073610 is divided by 295.
290
What is the remainder when 337463 is divided by 32932?
8143
Calculate the remainder when 31497 is divided by 924.
81
What is the remainder when 3480527 is divided by 1510?
1487
Calculate the remainder when 135842 is divided by 26511.
3287
Calculate the remainder when 28621564 is divided by 2259.
34
Calculate the remainder when 231581 is divided by 6120.
5141
What is the remainder when 26048875 is divided by 559?
34
Calculate the remainder when 20448285 is divided by 6.
3
What is the remainder when 119558294 is divided by 451?
449
Calculate the remainder when 181279 is divided by 652.
23
Calculate the remainder when 2842205 is divided by 1421096.
13
Calculate the remainder when 4726606 is divided by 1575532.
10
What is the remainder when 281928892 is divided by 617?
614
Calculate the remainder when 1467469 is divided by 3033.
2530
Calculate the remainder when 13170488 is divided by 343.
317
Calculate the remainder when 1685825 is divided by 118.
77
Calculate the remainder when 979257 is divided by 3116.
833
Calculate the remainder when 2174961 is divided by 21.
12
Calculate the remainder when 103557875 is divided by 21.
8
What is the remainder when 320750733 is divided by 824552?
5
Calculate the remainder when 338953 is divided by 66960.
4153
What is the remainder when 14447447 is divided by 190?
37
What is the remainder when 405267 is divided by 50654?
35
Calculate the remainder when 5577 is divided by 1483.
1128
Calculate the remainder when 62630 is divided by 364.
22
Calculate the remainder when 372844 is divided by 92945.
1064
What is the remainder when 148106 is divided by 7049?
77
What is the remainder when 127058 is divided by 25346?
328
What is the remainder when 2103769 is divided by 2103763?
6
What is the remainder when 3571927 is divided by 226?
223
Calculate the remainder when 102008584 is divided by 20401708.
44
Calculate the remainder when 32665008 is divided by 9204.
12
Calculate the remainder when 1180217159 is divided by 40.
39
Calculate the remainder when 57857396 is divided by 159.
158
What is the remainder when 35423692 is divided by 60?
52
Calculate the remainder when 4753285 is divided by 1188.
97
Calculate the remainder when 133967 is divided by 10302.
41
What is the remainder when 138666 is divided by 69314?
38
Calculate the remainder when 310991 is divided by 7067.
43
What is the remainder when 67236 is divided by 67232?
4
Calculate the remainder when 1076098 is divided by 415.
3
Calculate the remainder when 3152431 is divided by 52.
35
What is the remainder when 2318339 is divided by 379?
375
What is the remainder when 7656276 is divided by 216?
156
Calculate the remainder when 117520 is divided by 117433.
87
What is the remainder when 289198 is divided by 3672?
2782
Calculate the remainder when 1440229 is divided by 1020.
1009
What is the remainder when 375059 is divided by 155?
114
Calculate the remainder when 188913 is divided by 2065.
998
Calculate the remainder when 403051 is divided by 394.
383
Calculate the remainder when 6216 is divided by 728.
392
What is the remainder when 46670 is divided by 2662?
1416
Calculate the remainder when 1170677 is divided by 24.
5
Calculate the remainder when 122572629 is divided by 312.
309
What is the remainder when 19558 is divided by 18384?
1174
What is the remainder when 13967740 is divided by 42?
10
Calculate the remainder when 15630 is divided by 392.
342
What is the remainder when 716113 is divided by 31130?
123
Calculate the remainder when 627094 is divided by 6814.
206
What is the remainder when 99021 is divided by 1077?
1014
Calculate the remainder when 803036 is divided by 1361.
46
What is the remainder when 71470061 is divided by 59?
57
What is the remainder when 3648747 is divided by 4654?
11
What is the remainder when 108313 is divided by 54038?
237
Calculate the remainder when 8045 is divided by 279.
233
Calculate the remainder when 17395128 is divided by 3479023.
13
What is the remainder when 33227 is divided by 7782?
2099
What is the remainder when 2847096 is divided by 299?
18
Calculate the remainder when 6202999 is divided by 7611.
34
What is the remainder when 21745452 is divided by 255828?
72
Calculate the remainder when 12088942 is divided by 128.
110
Calculate the remainder when 625370 is divided by 48087.
239
What is the remainder when 3924445 is divided by 51?
46
What is the remainder when 808583 is divided by 1889?
91
C